uppose -k - k = -v. Calculate the highest common factor of k and 18.
2
Let u(s) = -4*s - 11*s + 143*s**3 + 0*s**2 + 14*s + s**2. Let p be u(1). What is the greatest common factor of 13 and p?
13
Suppose -8*j + 6*j = 8. Let r(s) = s**3 + 4*s**2 - 6*s - 2. Let c be r(j). Calculate the greatest common divisor of 66 and c.
22
Suppose -35 = -4*o + 5*s, 0 = 2*o + o + 2*s - 9. Suppose 12 = 2*q + 4*a, 2 = -2*q - 2*q + o*a. Let m = 0 - -3. Calculate the greatest common factor of q and m.
1
Suppose 6*x - 2*x = 2*s + 198, -3*x - 3*s + 171 = 0. Let p(l) = -154*l**3 + 2*l**2. Let q be p(-1). What is the greatest common divisor of q and x?
52
Let l be 12/42 - (-38)/14. Let v be (-2)/3*(0 + -3). Suppose 0 = -6*r - v + 20. What is the greatest common divisor of r and l?
3
Suppose -5*u + o - 199 = 43, -u - 5*o - 38 = 0. Let s = u + 93. What is the greatest common divisor of s and 9?
9
Let w(g) = -g**3 - 2*g**2 + 37*g + 8. Let o be w(5). What is the greatest common factor of o and 114?
6
Let v be (-4 - (-6)/(-4))*-16. What is the highest common divisor of 8 and v?
8
Let y(z) = z**2 - 9*z + 17. Let v(x) = -x + 14. Let b be v(7). Let m be y(b). Suppose 0 = m*j + 3 - 57. What is the highest common factor of 162 and j?
18
Let g be (8/(-20) - (-99)/110)*78. Calculate the greatest common factor of 169 and g.
13
Suppose 276 = h + h. Let o(b) = 2*b**3 + 11*b**2 - 8*b - 19. Let y be o(-5). Calculate the highest common divisor of y and h.
46
Let y = 362 - 302. Calculate the greatest common divisor of y and 24.
12
Let w = 101 - 91. Suppose g - 28 = -g + 2*a, -3*a - w = -g. Let s be (-236)/(-6) + 6/9. What is the greatest common divisor of s and g?
8
Let c(l) = 51*l - 484. Let q be c(10). Calculate the greatest common divisor of 2834 and q.
26
Let f(z) = -z**3 - 8*z**2 - 2*z - 11. Let i be f(-8). What is the greatest common factor of 335 and i?
5
Let u = 507 - 352. Calculate the highest common divisor of u and 62.
31
Let p be (-60)/2*12/(-30). Let b(k) = -2*k**3 + 33*k**2 + 2*k - 84. Let t be b(16). Calculate the greatest common divisor of p and t.
12
Let i(k) = -k**3 + k**2 + k + 27. Let q be i(0). Let r(o) = -o**2 + 38*o - 156. Let y be r(32). Calculate the greatest common divisor of y and q.
9
Let g = 15 - 9. Suppose -g*p + 2*p = -16. What is the greatest common divisor of 28 and p?
4
Suppose 0*m + l - 12 = -5*m, 3*l - 16 = -5*m. Suppose -3*b + 181 + 262 = m*h, 278 = 2*b - 3*h. What is the highest common divisor of 29 and b?
29
Suppose -5*z = -3*t - 93, -4*z - 4*t = -17 - 51. What is the highest common factor of 96 and z?
6
Suppose -104*t = -108*t + 864. What is the highest common divisor of t and 24?
24
Let u be (5*(-24)/(-200))/((-3)/(-375)). Calculate the greatest common divisor of u and 45.
15
Let g = 48 + -52. Let n be 11/g + (-42)/(-56) + 82. What is the greatest common divisor of 60 and n?
20
Let g(l) = -38*l - 220. Let q be g(-10). Calculate the greatest common divisor of 16 and q.
16
Let t be ((-2)/4)/(-3 - (-106)/36). What is the greatest common divisor of 129 and t?
3
Suppose -4*d - 42 = -5*y, -2*y + 20 = -3*d - 4*y. Let l be d*2/(-12)*6. Calculate the greatest common factor of 64 and l.
8
Let q = 11 - 5. Let f(y) = y**2 - 12*y + 12. Suppose k - 3*k - 4*p = -40, 4*p = -k + 28. Let j be f(k). What is the greatest common factor of j and q?
6
Suppose 87 = -7*x + 8*x + 4*a, 0 = -4*x + 3*a + 386. Calculate the highest common factor of x and 75.
5
Let r(b) = 58*b**3 - 3*b**2 - 57*b**3 - 3*b**2 - 12 + 8*b. Let x be r(5). Calculate the greatest common divisor of x and 1.
1
Suppose 0 = 4*c - 6*c - 6, 3*f + 4*c = 3. Suppose f*q = 2*q - d + 104, 106 = 3*q + 2*d. Calculate the greatest common divisor of q and 17.
17
Let b = -23 + 223. Suppose -2*m + 212 = m + s, -3*m - 4*s = -b. Calculate the greatest common factor of 8 and m.
8
Suppose -2*r = 3*r - 310. Suppose -b - 4*k + r = 0, 9 = 4*k + 1. Let n be 12/(-5)*(-45)/18. Calculate the highest common factor of b and n.
6
Suppose 0 = -2*o - 3*c + 80, -o + 3*c + 48 = -1. Suppose -2*l - o + 115 = 0. What is the highest common divisor of l and 12?
12
Let d = 0 + -3. Let x be (-2 + d/(-5))*-5. Let t be (-3 - -5) + x*1. What is the highest common factor of 6 and t?
3
Suppose 0 = q + s - 623, -3*q - 324 + 2193 = -5*s. Calculate the greatest common factor of q and 356.
89
Let u be 25 + (3 + -4 - -1). Let c = u - 9. What is the highest common factor of c and 112?
16
Let u(n) = 0 + 12*n - 8*n**2 + 7*n + 5 - n**3. Let m be u(-10). What is the greatest common divisor of m and 120?
15
Let l(g) = g**3 + 10*g**2 - 12*g + 8. Let j = 6 - 17. Let s be l(j). Suppose 2*d - 237 = -4*w + 381, -20 = -4*d. What is the greatest common factor of s and w?
19
Let t(c) = c**2 + 8*c + 3. Let k be t(-7). Let o be -20*(153/(-68) + (-6)/k). What is the highest common divisor of 315 and o?
15
Let v(r) = -r**2 - 11*r + 11. Let g be v(-10). Let m = -19 + g. Suppose -m*t + 3*t = 28. Calculate the greatest common divisor of t and 14.
14
Let o = -1 + 7. Let g be o*5/15 - -10. Calculate the highest common divisor of g and 96.
12
Let m = 27 + -69. Let v = -25 - m. Calculate the highest common divisor of 119 and v.
17
Let i = 53 - 45. Let b = -10 + 7. Let g be (b + 1)/(1/(-4)). What is the highest common divisor of g and i?
8
Let a be 2 + (-1 + 1 - -84). Suppose 3*m = -26 + a. Let r = m + -12. What is the highest common divisor of 8 and r?
8
Let p be (8 + -7)*1*10. Suppose -10*v + p = -9*v. What is the highest common divisor of 10 and v?
10
Let k(g) = g**2 - 3*g. Let f be k(3). Suppose 3*d + 9*x - 4*x - 19 = f, 4*d = -4*x + 20. Suppose -d - 5 = -l. What is the highest common divisor of l and 8?
8
Suppose 4*c - 54 = 78. Suppose -9*n = -8*n - c. Calculate the greatest common divisor of 3 and n.
3
Let x be 188/6 - (-1)/(-3). Suppose 4*o = -1 - 7, 4*u - 4*o = -1936. Let b be 3 + (2 - u/2). Calculate the highest common divisor of b and x.
31
Let d = 8 + -7. Let q(p) = 3*p**3 - 2*p**2 + 2*p - 1. Let h be q(d). Suppose -4*c + 42 = h. What is the highest common factor of c and 40?
10
Let s be ((-6)/(-9))/(4/90). Suppose s*g = 331 + 194. Calculate the greatest common divisor of 7 and g.
7
Let f = 695 - 611. What is the greatest common factor of f and 63?
21
Let w(u) = -u**3 + 6*u**2 - 4*u - 8. Let f be w(4). Let t = f + 4. What is the greatest common factor of 6 and t?
6
Suppose 0 = 10*s - 49 - 351. Calculate the greatest common divisor of s and 80.
40
Suppose 5*f - 6 = 79. Let s = -13 + f. Suppose -s*j = 16 - 56. What is the highest common factor of j and 25?
5
Let i be 6 + 23 + -4 + 1. Calculate the highest common factor of i and 3094.
26
Let u be 4/8 + (-2 - (-20)/8). What is the highest common divisor of 45 and u?
1
Suppose 6*x - 15 + 3 = 0. What is the greatest common divisor of 22 and x?
2
Let h = 36 + 10. Let p be (-2)/(-1) + 2 + -8 + h. Calculate the greatest common divisor of 210 and p.
42
Let g be (-1)/(6/(-4)) - (-32)/24. Suppose -44 = -g*u + 4*w, 5*w - 35 = 7*u - 12*u. What is the highest common divisor of 3 and u?
3
Suppose -17*i + 26 = -15*i. Suppose -2*g - i = -19. Calculate the greatest common divisor of 33 and g.
3
Let r = 158 + -92. Suppose w - 28 = -w + s, -r = -4*w - 3*s. Let b = w + -11. Calculate the highest common divisor of 32 and b.
4
Let o(v) = -v**3 + 13*v**2 - 3*v + 16. Let a be o(12). What is the highest common divisor of a and 31?
31
Let w be (6 - (3 + -1))*2. Let z = -3 + w. Suppose -z*q + 34 = -61. Calculate the highest common divisor of q and 133.
19
Let t be 1/(-3) - 37/(-3). Suppose 0 = -3*x + 9, p - 4*x + 11 - 107 = 0. Suppose 0 = 5*c - 2*c - p. Calculate the greatest common divisor of t and c.
12
Let m(x) = x**2 + 6*x + 6. Let f be m(-4). Let r(j) = -5*j + 3. Let a be r(f). Suppose a*c = 8*c + 135. Calculate the highest common divisor of c and 243.
27
Suppose -2*o - o + 558 = 5*n, -5*o = -5*n + 590. Suppose n + 126 = 2*r. What is the greatest common divisor of 15 and r?
15
Let i = -51 + 53. Suppose -x = -z - 4*z + 224, i*x = z - 43. Calculate the greatest common divisor of z and 5.
5
Suppose 8 = -b - 0*b. Let w(m) = -14*m - 2. Let t be w(b). Suppose 4*z - 164 = 3*v, -4*z - 3*v = -v - 184. Calculate the highest common divisor of t and z.
22
Let s = -2740 + 2749. What is the highest common divisor of 11 and s?
1
Let g(d) = -d**3 + 7*d